{"id":4574,"date":"2019-07-04T20:34:48","date_gmt":"2019-07-04T18:34:48","guid":{"rendered":"https:\/\/infomueble.es\/producto\/icaro-elevable\/"},"modified":"2019-07-04T20:34:48","modified_gmt":"2019-07-04T18:34:48","slug":"icaro-2","status":"publish","type":"product","link":"https:\/\/infomueble.es\/ca\/producto\/icaro-2\/","title":{"rendered":"Icaro Elevable"},"content":{"rendered":"","protected":false},"excerpt":{"rendered":"<p><span style=\"font-size: 8pt;\">IVA no incl\u00f2s <\/span><\/p>\n<hr>\n<h4><span style=\"font-family: helvetica, arial, sans-serif; color: #333333;\">CARACTER\u00cdSTIQUES<\/span><\/h4>\n<hr>\n<ul>\n<li><strong>Taula<\/strong><strong>:<\/strong> 180 x 80 x 74 cm. Bimelaminat de 30 mm, cantejat en PVC. Acabat a triar. Posssibilitat d&#8217;adaptar mesures sense cost addicional.<\/li>\n<li><strong>Estructura : <\/strong>Elevable. Amb sistema de motor que permet l&#8217;ajustament de l&#8217;altura de forma suau mitjan\u00e7ant comandament de dos botons. Amb software de protecci\u00f3 que detecta autom\u00e0ticament errors. Amb nivelladors de s\u00f2l.<\/li>\n<li><strong>Altura m\u00ednima :<\/strong> 760 mm. <strong>Altura m\u00e0xima :<\/strong> 1240 mm. <strong>C\u00e0rrega m\u00e0xima :<\/strong> 80 kg.<\/li>\n<li>Potes anivelladores d&#8217;acer de m\u00e8trica 8 mm amb part inferior d&#8217;ABS ultra resistent.<\/li>\n<li>Tots els par\u00e0metres es troben totalment cantejats i sellegats amb cola termofusible a 200 \u00baC.<\/li>\n<li>L&#8217;interior del taulell est\u00e0 compost per aglomerat de part\u00edcules de fusta d&#8217;alta densitat.<\/li>\n<\/ul>\n<p>&nbsp;<\/p>\n<h6><span style=\"font-family: helvetica, arial, sans-serif; color: #520606;\">TRANSPORT I MUNTATGE INCL\u00d2S A MALLORCA<\/span><\/h6>\n<h6><span style=\"font-family: helvetica, arial, sans-serif; color: #520606;\"> 3 ANYS DE GARANTIA<\/span><\/h6>\n","protected":false},"featured_media":3757,"template":"","meta":{"_et_pb_use_builder":"","_et_pb_old_content":"","_et_gb_content_width":"","_joinchat":[]},"product_brand":[],"product_cat":[105,101,106,100,155,160],"product_tag":[],"class_list":{"0":"post-4574","1":"product","2":"type-product","3":"status-publish","4":"has-post-thumbnail","6":"product_cat-destacats","7":"product_cat-mobiliari","8":"product_cat-ofertes","9":"product_cat-taules","10":"product_cat-taules-elevables","11":"product_cat-taules-individuals","13":"first","14":"instock","15":"taxable","16":"shipping-taxable","17":"purchasable","18":"product-type-simple"},"_links":{"self":[{"href":"https:\/\/infomueble.es\/ca\/wp-json\/wp\/v2\/product\/4574","targetHints":{"allow":["GET"]}}],"collection":[{"href":"https:\/\/infomueble.es\/ca\/wp-json\/wp\/v2\/product"}],"about":[{"href":"https:\/\/infomueble.es\/ca\/wp-json\/wp\/v2\/types\/product"}],"wp:featuredmedia":[{"embeddable":true,"href":"https:\/\/infomueble.es\/ca\/wp-json\/wp\/v2\/media\/3757"}],"wp:attachment":[{"href":"https:\/\/infomueble.es\/ca\/wp-json\/wp\/v2\/media?parent=4574"}],"wp:term":[{"taxonomy":"product_brand","embeddable":true,"href":"https:\/\/infomueble.es\/ca\/wp-json\/wp\/v2\/product_brand?post=4574"},{"taxonomy":"product_cat","embeddable":true,"href":"https:\/\/infomueble.es\/ca\/wp-json\/wp\/v2\/product_cat?post=4574"},{"taxonomy":"product_tag","embeddable":true,"href":"https:\/\/infomueble.es\/ca\/wp-json\/wp\/v2\/product_tag?post=4574"}],"curies":[{"name":"wp","href":"https:\/\/api.w.org\/{rel}","templated":true}]}}

<p><span style="font-size: 8pt;">IVA no inclòs </span></p>
<hr>
<h4><span style="font-family: helvetica, arial, sans-serif; color: #333333;">CARACTERÍSTIQUES</span></h4>
<hr>
<ul>
<li><strong>Taula</strong><strong>:</strong> 180 x 80 x 74 cm. Bimelaminat de 30 mm, cantejat en PVC. Acabat a triar. Posssibilitat d&#8217;adaptar mesures sense cost addicional.</li>
<li><strong>Estructura : </strong>Elevable. Amb sistema de motor que permet l&#8217;ajustament de l&#8217;altura de forma suau mitjançant comandament de dos botons. Amb software de protecció que detecta automàticament errors. Amb nivelladors de sòl.</li>
<li><strong>Altura mínima :</strong> 760 mm. <strong>Altura màxima :</strong> 1240 mm. <strong>Càrrega màxima :</strong> 80 kg.</li>
<li>Potes anivelladores d&#8217;acer de mètrica 8 mm amb part inferior d&#8217;ABS ultra resistent.</li>
<li>Tots els paràmetres es troben totalment cantejats i sellegats amb cola termofusible a 200 ºC.</li>
<li>L&#8217;interior del taulell està compost per aglomerat de partícules de fusta d&#8217;alta densitat.</li>
</ul>
<p>&nbsp;</p>
<h6><span style="font-family: helvetica, arial, sans-serif; color: #520606;">TRANSPORT I MUNTATGE INCLÒS A MALLORCA</span></h6>
<h6><span style="font-family: helvetica, arial, sans-serif; color: #520606;"> 3 ANYS DE GARANTIA</span></h6>
