{"id":4603,"date":"2019-05-27T18:06:56","date_gmt":"2019-05-27T16:06:56","guid":{"rendered":"https:\/\/infomueble.es\/producto\/dynamic\/"},"modified":"2019-05-27T18:06:56","modified_gmt":"2019-05-27T16:06:56","slug":"dynamic-2","status":"publish","type":"product","link":"https:\/\/infomueble.es\/ca\/producto\/dynamic-2\/","title":{"rendered":"Dynamic"},"content":{"rendered":"","protected":false},"excerpt":{"rendered":"<p><span style=\"font-size: 8pt;\">IVA no incl\u00f2s<\/span><\/p>\n<hr>\n<h4><span style=\"font-family: helvetica, arial, sans-serif;\">CARACTER\u00cdSTIQUES<\/span><\/h4>\n<hr>\n<p>&nbsp;<\/p>\n<ul>\n<li><span style=\"font-family: helvetica, arial, sans-serif;\">Respatller de malla transpirable &#8220;efecte tela&#8221;. Regulable en altura, color negre.<\/span><\/li>\n<li><span style=\"font-family: helvetica, arial, sans-serif;\">Seient amb interior de fusta contraxapada, omplert de goma flexible d&#8217;alta densitat. Color negre.<\/span><\/li>\n<li><span style=\"font-family: helvetica, arial, sans-serif;\">Mecanisme de contacte permanent. Permet regular la inclinaci\u00f3 del respatller mitjan\u00e7ant una palanca que allibera el mecanisme, es pot fixar en qualsevol posici\u00f3.<\/span><\/li>\n<li><span style=\"font-family: helvetica, arial, sans-serif;\">Bra\u00e7os de polipropil\u00e8 negre. Fixes.<\/span><\/li>\n<li><span style=\"font-family: helvetica, arial, sans-serif;\">Regulaci\u00f3 de l&#8217;altura mitjan\u00e7ant pist\u00f3 de gas.<\/span><\/li>\n<li><span style=\"font-family: helvetica, arial, sans-serif;\">Base piramidal de nil\u00f3 negre amb 5 radus refor\u00e7ada amb fibra de vidri. 67 cm de di\u00e0metre.<\/span><\/li>\n<li><span style=\"font-family: helvetica, arial, sans-serif;\">Rodes de goma.<\/span><\/li>\n<\/ul>\n<p>&nbsp;<\/p>\n<h6><span style=\"font-family: helvetica, arial, sans-serif; color: #520606;\">TRANSPORT I MUNTATGE INCL\u00d2S A MALLORCA<\/span><\/h6>\n<h6><span style=\"font-family: helvetica, arial, sans-serif; color: #520606;\">3 ANYS DE GARANTIA<\/span><\/h6>\n","protected":false},"featured_media":3561,"template":"","meta":{"_et_pb_use_builder":"off","_et_pb_old_content":"","_et_gb_content_width":"","_joinchat":[]},"product_brand":[],"product_cat":[94,177,97],"product_tag":[],"class_list":{"0":"post-4603","1":"product","2":"type-product","3":"status-publish","4":"has-post-thumbnail","6":"product_cat-cadires","7":"product_cat-malla-ca","8":"product_cat-operatives","10":"first","11":"outofstock","12":"taxable","13":"shipping-taxable","14":"purchasable","15":"product-type-simple"},"_links":{"self":[{"href":"https:\/\/infomueble.es\/ca\/wp-json\/wp\/v2\/product\/4603","targetHints":{"allow":["GET"]}}],"collection":[{"href":"https:\/\/infomueble.es\/ca\/wp-json\/wp\/v2\/product"}],"about":[{"href":"https:\/\/infomueble.es\/ca\/wp-json\/wp\/v2\/types\/product"}],"wp:featuredmedia":[{"embeddable":true,"href":"https:\/\/infomueble.es\/ca\/wp-json\/wp\/v2\/media\/3561"}],"wp:attachment":[{"href":"https:\/\/infomueble.es\/ca\/wp-json\/wp\/v2\/media?parent=4603"}],"wp:term":[{"taxonomy":"product_brand","embeddable":true,"href":"https:\/\/infomueble.es\/ca\/wp-json\/wp\/v2\/product_brand?post=4603"},{"taxonomy":"product_cat","embeddable":true,"href":"https:\/\/infomueble.es\/ca\/wp-json\/wp\/v2\/product_cat?post=4603"},{"taxonomy":"product_tag","embeddable":true,"href":"https:\/\/infomueble.es\/ca\/wp-json\/wp\/v2\/product_tag?post=4603"}],"curies":[{"name":"wp","href":"https:\/\/api.w.org\/{rel}","templated":true}]}}

<p><span style="font-size: 8pt;">IVA no inclòs</span></p>
<hr>
<h4><span style="font-family: helvetica, arial, sans-serif;">CARACTERÍSTIQUES</span></h4>
<hr>
<p>&nbsp;</p>
<ul>
<li><span style="font-family: helvetica, arial, sans-serif;">Respatller de malla transpirable &#8220;efecte tela&#8221;. Regulable en altura, color negre.</span></li>
<li><span style="font-family: helvetica, arial, sans-serif;">Seient amb interior de fusta contraxapada, omplert de goma flexible d&#8217;alta densitat. Color negre.</span></li>
<li><span style="font-family: helvetica, arial, sans-serif;">Mecanisme de contacte permanent. Permet regular la inclinació del respatller mitjançant una palanca que allibera el mecanisme, es pot fixar en qualsevol posició.</span></li>
<li><span style="font-family: helvetica, arial, sans-serif;">Braços de polipropilè negre. Fixes.</span></li>
<li><span style="font-family: helvetica, arial, sans-serif;">Regulació de l&#8217;altura mitjançant pistó de gas.</span></li>
<li><span style="font-family: helvetica, arial, sans-serif;">Base piramidal de niló negre amb 5 radus reforçada amb fibra de vidri. 67 cm de diàmetre.</span></li>
<li><span style="font-family: helvetica, arial, sans-serif;">Rodes de goma.</span></li>
</ul>
<p>&nbsp;</p>
<h6><span style="font-family: helvetica, arial, sans-serif; color: #520606;">TRANSPORT I MUNTATGE INCLÒS A MALLORCA</span></h6>
<h6><span style="font-family: helvetica, arial, sans-serif; color: #520606;">3 ANYS DE GARANTIA</span></h6>
