{"id":4614,"date":"2019-07-12T12:43:26","date_gmt":"2019-07-12T10:43:26","guid":{"rendered":"https:\/\/infomueble.es\/producto\/arc\/"},"modified":"2019-07-12T12:43:26","modified_gmt":"2019-07-12T10:43:26","slug":"arc-2","status":"publish","type":"product","link":"https:\/\/infomueble.es\/ca\/producto\/arc-2\/","title":{"rendered":"Arc"},"content":{"rendered":"","protected":false},"excerpt":{"rendered":"<p><span style=\"font-size: 8pt;\">IVA no incl\u00f2s <\/span><\/p>\n<hr>\n<h4><span style=\"font-family: helvetica, arial, sans-serif;\">CARACTER\u00cdSTIQUES<\/span><\/h4>\n<hr>\n<p>&nbsp;<\/p>\n<ul>\n<li><span style=\"font-family: helvetica, arial, sans-serif; color: #808080;\">Mecanisme Sincro 24 HORES amb certificat. Fabricat en alumini, amb bloqueig en quatre posicions, contacte permanent del respatller i sistema anti-retornament. Regulaci\u00f3 de la tensi\u00f3 segons el pes de l&#8217;usuari entre 45 i 150 kg de f\u00e0cil acc\u00e8s lateral.<\/span><\/li>\n<li><span style=\"font-family: helvetica, arial, sans-serif; color: #808080;\">Respatller alt entapissat amb un ampli cap\u00e7al incorporat. Interior de goma de poliuret\u00e0 lliure de CFC i HCFT de densitat de 65 kg\/m3 injectada en el motlle.<\/span><\/li>\n<li><span style=\"font-family: helvetica, arial, sans-serif; color: #808080;\">Trasera en polipropil\u00e8 de disseny tipus &#8220;niu d&#8217;abella&#8221;, disponible en color negre o perla.<\/span><\/li>\n<li><span style=\"font-family: helvetica, arial, sans-serif; color: #808080;\">Entapissat sobre interior de de polipropil\u00e8 postformat ergon\u00f2micament amb curvatura devantera i goma de poliuret\u00e0 lliure de CFC i HCFT de densitat de 65 kg\/m3 injectada en profunditat.<\/span><\/li>\n<li><span style=\"font-family: helvetica, arial, sans-serif; color: #808080;\">Carcassa exterior de la part inferior del seient en polipropil\u00e8 texturat en color negre o gris perla.<\/span><\/li>\n<li><span style=\"font-family: helvetica, arial, sans-serif; color: #808080;\">Seient giratori i regulable en altura mitjan\u00e7ant columna neum\u00e0tica de f\u00e0cil acc\u00e8s lateral i sistema d&#8217;amortiguaci\u00f3.<\/span><\/li>\n<li><span style=\"font-family: helvetica, arial, sans-serif; color: #808080;\">Seient regulable en la seva profunditat (trasla).<\/span><\/li>\n<li><span style=\"font-family: helvetica, arial, sans-serif; color: #808080;\">Bra\u00e7os fixes de coor negre o perla. Reposabra\u00e7os tou integral regulable en profunditat.<\/span><\/li>\n<li><span style=\"font-family: helvetica, arial, sans-serif; color: #808080;\">Rodes de 65 mm de di\u00e0metre, autofrenades.<\/span><\/li>\n<\/ul>\n<h6><span style=\"font-family: helvetica, arial, sans-serif; color: #520606;\">TRANSPORT I MUNTATGE INCL\u00d2S A MALLORCA<\/span><\/h6>\n<h6><span style=\"font-family: helvetica, arial, sans-serif; color: #520606;\">3 ANYS DE GARANTIA<\/span><\/h6>\n","protected":false},"featured_media":4237,"template":"","meta":{"_et_pb_use_builder":"","_et_pb_old_content":"","_et_gb_content_width":"","_joinchat":[]},"product_brand":[],"product_cat":[94,98],"product_tag":[],"class_list":{"0":"post-4614","1":"product","2":"type-product","3":"status-publish","4":"has-post-thumbnail","6":"product_cat-cadires","7":"product_cat-direccio","9":"first","10":"outofstock","11":"taxable","12":"shipping-taxable","13":"purchasable","14":"product-type-simple"},"_links":{"self":[{"href":"https:\/\/infomueble.es\/ca\/wp-json\/wp\/v2\/product\/4614","targetHints":{"allow":["GET"]}}],"collection":[{"href":"https:\/\/infomueble.es\/ca\/wp-json\/wp\/v2\/product"}],"about":[{"href":"https:\/\/infomueble.es\/ca\/wp-json\/wp\/v2\/types\/product"}],"wp:featuredmedia":[{"embeddable":true,"href":"https:\/\/infomueble.es\/ca\/wp-json\/wp\/v2\/media\/4237"}],"wp:attachment":[{"href":"https:\/\/infomueble.es\/ca\/wp-json\/wp\/v2\/media?parent=4614"}],"wp:term":[{"taxonomy":"product_brand","embeddable":true,"href":"https:\/\/infomueble.es\/ca\/wp-json\/wp\/v2\/product_brand?post=4614"},{"taxonomy":"product_cat","embeddable":true,"href":"https:\/\/infomueble.es\/ca\/wp-json\/wp\/v2\/product_cat?post=4614"},{"taxonomy":"product_tag","embeddable":true,"href":"https:\/\/infomueble.es\/ca\/wp-json\/wp\/v2\/product_tag?post=4614"}],"curies":[{"name":"wp","href":"https:\/\/api.w.org\/{rel}","templated":true}]}}

<p><span style="font-size: 8pt;">IVA no inclòs </span></p>
<hr>
<h4><span style="font-family: helvetica, arial, sans-serif;">CARACTERÍSTIQUES</span></h4>
<hr>
<p>&nbsp;</p>
<ul>
<li><span style="font-family: helvetica, arial, sans-serif; color: #808080;">Mecanisme Sincro 24 HORES amb certificat. Fabricat en alumini, amb bloqueig en quatre posicions, contacte permanent del respatller i sistema anti-retornament. Regulació de la tensió segons el pes de l&#8217;usuari entre 45 i 150 kg de fàcil accès lateral.</span></li>
<li><span style="font-family: helvetica, arial, sans-serif; color: #808080;">Respatller alt entapissat amb un ampli capçal incorporat. Interior de goma de poliuretà lliure de CFC i HCFT de densitat de 65 kg/m3 injectada en el motlle.</span></li>
<li><span style="font-family: helvetica, arial, sans-serif; color: #808080;">Trasera en polipropilè de disseny tipus &#8220;niu d&#8217;abella&#8221;, disponible en color negre o perla.</span></li>
<li><span style="font-family: helvetica, arial, sans-serif; color: #808080;">Entapissat sobre interior de de polipropilè postformat ergonòmicament amb curvatura devantera i goma de poliuretà lliure de CFC i HCFT de densitat de 65 kg/m3 injectada en profunditat.</span></li>
<li><span style="font-family: helvetica, arial, sans-serif; color: #808080;">Carcassa exterior de la part inferior del seient en polipropilè texturat en color negre o gris perla.</span></li>
<li><span style="font-family: helvetica, arial, sans-serif; color: #808080;">Seient giratori i regulable en altura mitjançant columna neumàtica de fàcil accès lateral i sistema d&#8217;amortiguació.</span></li>
<li><span style="font-family: helvetica, arial, sans-serif; color: #808080;">Seient regulable en la seva profunditat (trasla).</span></li>
<li><span style="font-family: helvetica, arial, sans-serif; color: #808080;">Braços fixes de coor negre o perla. Reposabraços tou integral regulable en profunditat.</span></li>
<li><span style="font-family: helvetica, arial, sans-serif; color: #808080;">Rodes de 65 mm de diàmetre, autofrenades.</span></li>
</ul>
<h6><span style="font-family: helvetica, arial, sans-serif; color: #520606;">TRANSPORT I MUNTATGE INCLÒS A MALLORCA</span></h6>
<h6><span style="font-family: helvetica, arial, sans-serif; color: #520606;">3 ANYS DE GARANTIA</span></h6>
