{"id":4622,"date":"2020-08-20T17:30:33","date_gmt":"2020-08-20T15:30:33","guid":{"rendered":"https:\/\/infomueble.es\/producto\/boomerang-confidente\/"},"modified":"2020-08-20T17:30:33","modified_gmt":"2020-08-20T15:30:33","slug":"boomerang-confidente-2","status":"publish","type":"product","link":"https:\/\/infomueble.es\/ca\/producto\/boomerang-confidente-2\/","title":{"rendered":"Boomerang confidente"},"content":{"rendered":"","protected":false},"excerpt":{"rendered":"<p><span style=\"font-size: 8pt;\">IVA no incl\u00f2s <\/span><\/p>\n<hr>\n<h4><span style=\"font-family: helvetica, arial, sans-serif; color: #333333;\">CARACTER\u00cdSTIQUES<\/span><\/h4>\n<hr>\n<p>&nbsp;<\/p>\n<ul>\n<li><span style=\"font-family: helvetica, arial, sans-serif; color: #808080;\">Estructura de pat\u00ed tancat de vareta d&#8217;acer de secci\u00f3 rodona de 12 mm de di\u00e0metre. Acabat cromat.<\/span><\/li>\n<li><span style=\"color: #808080; font-family: helvetica, arial, sans-serif;\">Seient i respatller fabricat en carcassa cont\u00ednua de goma de poliuret\u00e0 injectat (tipus &#8220;l\u00e0tex&#8221;, d&#8217;alta qualitat), constru\u00efda sobre estructura perimetral interior en vareta d&#8217;acer i cinglat horitzontalment.<\/span><\/li>\n<li><span style=\"color: #808080; font-family: helvetica, arial, sans-serif;\">Entapissat mitjan\u00e7ant un enfundat amb costures perimetrals oferint un cos enterament entapissat, tancat en la part inferior mitjan\u00e7ant cremallera.<\/span><\/li>\n<li><span style=\"color: #808080; font-family: helvetica, arial, sans-serif;\">Bra\u00e7os fixos d&#8217;alumini en acabat pulit.<\/span><\/li>\n<\/ul>\n<p>&nbsp;<\/p>\n<h6><span style=\"font-family: helvetica, arial, sans-serif; color: #520606;\">TRANSPORT I MUNTATGE INCL\u00d2S A MALLORCA<\/span><\/h6>\n<h6><span style=\"font-family: helvetica, arial, sans-serif; color: #520606;\">3 ANYS DE GARANTIA<\/span><\/h6>\n","protected":false},"featured_media":4173,"template":"","meta":{"_et_pb_use_builder":"","_et_pb_old_content":"","_et_gb_content_width":"","_joinchat":[]},"product_brand":[],"product_cat":[94,181,95],"product_tag":[],"class_list":{"0":"post-4622","1":"product","2":"type-product","3":"status-publish","4":"has-post-thumbnail","6":"product_cat-cadires","7":"product_cat-confident-i-reunions","8":"product_cat-de-reunio-i-polivalent","10":"first","11":"outofstock","12":"taxable","13":"shipping-taxable","14":"purchasable","15":"product-type-simple"},"_links":{"self":[{"href":"https:\/\/infomueble.es\/ca\/wp-json\/wp\/v2\/product\/4622","targetHints":{"allow":["GET"]}}],"collection":[{"href":"https:\/\/infomueble.es\/ca\/wp-json\/wp\/v2\/product"}],"about":[{"href":"https:\/\/infomueble.es\/ca\/wp-json\/wp\/v2\/types\/product"}],"wp:featuredmedia":[{"embeddable":true,"href":"https:\/\/infomueble.es\/ca\/wp-json\/wp\/v2\/media\/4173"}],"wp:attachment":[{"href":"https:\/\/infomueble.es\/ca\/wp-json\/wp\/v2\/media?parent=4622"}],"wp:term":[{"taxonomy":"product_brand","embeddable":true,"href":"https:\/\/infomueble.es\/ca\/wp-json\/wp\/v2\/product_brand?post=4622"},{"taxonomy":"product_cat","embeddable":true,"href":"https:\/\/infomueble.es\/ca\/wp-json\/wp\/v2\/product_cat?post=4622"},{"taxonomy":"product_tag","embeddable":true,"href":"https:\/\/infomueble.es\/ca\/wp-json\/wp\/v2\/product_tag?post=4622"}],"curies":[{"name":"wp","href":"https:\/\/api.w.org\/{rel}","templated":true}]}}

<p><span style="font-size: 8pt;">IVA no inclòs </span></p>
<hr>
<h4><span style="font-family: helvetica, arial, sans-serif; color: #333333;">CARACTERÍSTIQUES</span></h4>
<hr>
<p>&nbsp;</p>
<ul>
<li><span style="font-family: helvetica, arial, sans-serif; color: #808080;">Estructura de patí tancat de vareta d&#8217;acer de secció rodona de 12 mm de diàmetre. Acabat cromat.</span></li>
<li><span style="color: #808080; font-family: helvetica, arial, sans-serif;">Seient i respatller fabricat en carcassa contínua de goma de poliuretà injectat (tipus &#8220;làtex&#8221;, d&#8217;alta qualitat), construïda sobre estructura perimetral interior en vareta d&#8217;acer i cinglat horitzontalment.</span></li>
<li><span style="color: #808080; font-family: helvetica, arial, sans-serif;">Entapissat mitjançant un enfundat amb costures perimetrals oferint un cos enterament entapissat, tancat en la part inferior mitjançant cremallera.</span></li>
<li><span style="color: #808080; font-family: helvetica, arial, sans-serif;">Braços fixos d&#8217;alumini en acabat pulit.</span></li>
</ul>
<p>&nbsp;</p>
<h6><span style="font-family: helvetica, arial, sans-serif; color: #520606;">TRANSPORT I MUNTATGE INCLÒS A MALLORCA</span></h6>
<h6><span style="font-family: helvetica, arial, sans-serif; color: #520606;">3 ANYS DE GARANTIA</span></h6>
