{"id":4627,"date":"2019-08-28T18:48:39","date_gmt":"2019-08-28T16:48:39","guid":{"rendered":"https:\/\/infomueble.es\/producto\/manacor-n\/"},"modified":"2019-08-28T18:48:39","modified_gmt":"2019-08-28T16:48:39","slug":"manacor-n-2","status":"publish","type":"product","link":"https:\/\/infomueble.es\/ca\/producto\/manacor-n-2\/","title":{"rendered":"Manacor N"},"content":{"rendered":"<h6><\/h6>\n<p>&nbsp;<\/p>\n","protected":false},"excerpt":{"rendered":"<p><span style=\"font-size: 8pt;\">IVA no incl\u00f2s <\/span><\/p>\n<hr>\n<h4><span style=\"font-family: helvetica, arial, sans-serif;\">CARACTER\u00cdSTIQUES<\/span><\/h4>\n<hr>\n<p>&nbsp;<\/p>\n<ul>\n<li><span style=\"font-family: helvetica, arial, sans-serif; color: #808080;\">Suport fabricat en polipropil\u00e8 injectat color negre amb formes anat\u00f2miques i transpirables. Amb disseny perforat.<\/span><\/li>\n<li><span style=\"font-family: helvetica, arial, sans-serif; color: #808080;\">Seient Interior de goma escumeja de mitja densitat i entapissada en tela \u00abniu d&#8217;abella\u00bb color negre. Subjecte a l&#8217;estructura mitjan\u00e7ant caragols i ferratge met\u00e0l\u00b7lic.<\/span><\/li>\n<li><span style=\"font-family: helvetica, arial, sans-serif; color: #808080;\">Estructura Apilable de quatre potes fabricada en tub d&#8217;acer rod\u00f3 en terminaci\u00f3 epoxi negre. Amb tacs de suport al s\u00f2l en nil\u00f3. <\/span><\/li>\n<li><span style=\"font-family: helvetica, arial, sans-serif; color: #808080;\">Bra\u00e7os fixos i integrats en l&#8217;estructura. Fabricats en polipropil\u00e8 negre.<\/span><\/li>\n<\/ul>\n<p>&nbsp;<\/p>\n<h6><span style=\"font-family: helvetica, arial, sans-serif; color: #520606;\">TRANSPORT I MUNTATGE INCL\u00d2S A MALLORCA <\/span><\/h6>\n<h6><span style=\"font-family: helvetica, arial, sans-serif; color: #520606;\">3 ANYS DE GARANTIA<\/span><\/h6>\n","protected":false},"featured_media":3807,"template":"","meta":{"_et_pb_use_builder":"","_et_pb_old_content":"","_et_gb_content_width":"","_joinchat":[]},"product_brand":[],"product_cat":[94,95],"product_tag":[],"class_list":{"0":"post-4627","1":"product","2":"type-product","3":"status-publish","4":"has-post-thumbnail","6":"product_cat-cadires","7":"product_cat-de-reunio-i-polivalent","9":"first","10":"instock","11":"taxable","12":"shipping-taxable","13":"purchasable","14":"product-type-simple"},"_links":{"self":[{"href":"https:\/\/infomueble.es\/ca\/wp-json\/wp\/v2\/product\/4627","targetHints":{"allow":["GET"]}}],"collection":[{"href":"https:\/\/infomueble.es\/ca\/wp-json\/wp\/v2\/product"}],"about":[{"href":"https:\/\/infomueble.es\/ca\/wp-json\/wp\/v2\/types\/product"}],"wp:featuredmedia":[{"embeddable":true,"href":"https:\/\/infomueble.es\/ca\/wp-json\/wp\/v2\/media\/3807"}],"wp:attachment":[{"href":"https:\/\/infomueble.es\/ca\/wp-json\/wp\/v2\/media?parent=4627"}],"wp:term":[{"taxonomy":"product_brand","embeddable":true,"href":"https:\/\/infomueble.es\/ca\/wp-json\/wp\/v2\/product_brand?post=4627"},{"taxonomy":"product_cat","embeddable":true,"href":"https:\/\/infomueble.es\/ca\/wp-json\/wp\/v2\/product_cat?post=4627"},{"taxonomy":"product_tag","embeddable":true,"href":"https:\/\/infomueble.es\/ca\/wp-json\/wp\/v2\/product_tag?post=4627"}],"curies":[{"name":"wp","href":"https:\/\/api.w.org\/{rel}","templated":true}]}}

<p><span style="font-size: 8pt;">IVA no inclòs </span></p>
<hr>
<h4><span style="font-family: helvetica, arial, sans-serif;">CARACTERÍSTIQUES</span></h4>
<hr>
<p>&nbsp;</p>
<ul>
<li><span style="font-family: helvetica, arial, sans-serif; color: #808080;">Suport fabricat en polipropilè injectat color negre amb formes anatòmiques i transpirables. Amb disseny perforat.</span></li>
<li><span style="font-family: helvetica, arial, sans-serif; color: #808080;">Seient Interior de goma escumeja de mitja densitat i entapissada en tela «niu d&#8217;abella» color negre. Subjecte a l&#8217;estructura mitjançant caragols i ferratge metàl·lic.</span></li>
<li><span style="font-family: helvetica, arial, sans-serif; color: #808080;">Estructura Apilable de quatre potes fabricada en tub d&#8217;acer rodó en terminació epoxi negre. Amb tacs de suport al sòl en niló. </span></li>
<li><span style="font-family: helvetica, arial, sans-serif; color: #808080;">Braços fixos i integrats en l&#8217;estructura. Fabricats en polipropilè negre.</span></li>
</ul>
<p>&nbsp;</p>
<h6><span style="font-family: helvetica, arial, sans-serif; color: #520606;">TRANSPORT I MUNTATGE INCLÒS A MALLORCA </span></h6>
<h6><span style="font-family: helvetica, arial, sans-serif; color: #520606;">3 ANYS DE GARANTIA</span></h6>
