{"id":4639,"date":"2022-03-29T13:32:26","date_gmt":"2022-03-29T11:32:26","guid":{"rendered":"https:\/\/infomueble.es\/producto\/tamboret-laboratori\/"},"modified":"2022-08-02T16:41:21","modified_gmt":"2022-08-02T14:41:21","slug":"tamboret-laboratori","status":"publish","type":"product","link":"https:\/\/infomueble.es\/ca\/producto\/tamboret-laboratori\/","title":{"rendered":"Tamboret Laboratori"},"content":{"rendered":"","protected":false},"excerpt":{"rendered":"<p><span style=\"font-size: 8pt;\">IVA no incl\u00f2s <\/span><\/p>\n<hr>\n<h4><span style=\"font-family: helvetica, arial, sans-serif;\">CARACTER\u00cdSTIQUES<\/span><\/h4>\n<hr>\n<p>&nbsp;<\/p>\n<ul>\n<li><span style=\"font-family: helvetica, arial, sans-serif; color: #808080;\">Seient de poliuret\u00e0 injectat d&#8217;alta densitat. Color negre.<\/span><\/li>\n<li><span style=\"font-family: helvetica, arial, sans-serif; color: #808080;\">Regulaci\u00f3 mitjan\u00e7ant pneum\u00e0tic telesc\u00f2pic de gas d&#8217;alta pressi\u00f3.<\/span><\/li>\n<li><span style=\"font-family: helvetica, arial, sans-serif; color: #808080;\">Base fabricada en nil\u00f3 amb fibra de vidre de 600mm de di\u00e0metre.<\/span><\/li>\n<li><span style=\"font-family: helvetica, arial, sans-serif; color: #808080;\">C\u00e8rcol reposapeus amb quatre radis fabricat en nilons de color negre. Regulable en altura.<\/span><\/li>\n<li><span style=\"font-family: helvetica, arial, sans-serif; color: #808080;\">Rodes de perfil baix de rodadura silenciosa i suau.<\/span><\/li>\n<li><span style=\"font-family: helvetica, arial, sans-serif; color: #808080;\">Bra\u00e7os fixos de polipropil\u00e8 negre.<\/span><\/li>\n<\/ul>\n<p>&nbsp;<\/p>\n<h6><span style=\"font-family: helvetica, arial, sans-serif; color: #520606;\">TRANSPORT I MUNTATGE INCL\u00d2S A MALLORCA<\/span><\/h6>\n<h6><span style=\"font-family: helvetica, arial, sans-serif; color: #520606;\">3 ANYS DE GARANTIA<\/span><\/h6>\n","protected":false},"featured_media":4335,"template":"","meta":{"_et_pb_use_builder":"","_et_pb_old_content":"","_et_gb_content_width":"","_joinchat":[]},"product_brand":[],"product_cat":[94,167,117],"product_tag":[],"class_list":{"0":"post-4639","1":"product","2":"type-product","3":"status-publish","4":"has-post-thumbnail","6":"product_cat-cadires","7":"product_cat-de-treball","8":"product_cat-tamborets","10":"first","11":"outofstock","12":"taxable","13":"shipping-taxable","14":"purchasable","15":"product-type-simple"},"_links":{"self":[{"href":"https:\/\/infomueble.es\/ca\/wp-json\/wp\/v2\/product\/4639","targetHints":{"allow":["GET"]}}],"collection":[{"href":"https:\/\/infomueble.es\/ca\/wp-json\/wp\/v2\/product"}],"about":[{"href":"https:\/\/infomueble.es\/ca\/wp-json\/wp\/v2\/types\/product"}],"wp:featuredmedia":[{"embeddable":true,"href":"https:\/\/infomueble.es\/ca\/wp-json\/wp\/v2\/media\/4335"}],"wp:attachment":[{"href":"https:\/\/infomueble.es\/ca\/wp-json\/wp\/v2\/media?parent=4639"}],"wp:term":[{"taxonomy":"product_brand","embeddable":true,"href":"https:\/\/infomueble.es\/ca\/wp-json\/wp\/v2\/product_brand?post=4639"},{"taxonomy":"product_cat","embeddable":true,"href":"https:\/\/infomueble.es\/ca\/wp-json\/wp\/v2\/product_cat?post=4639"},{"taxonomy":"product_tag","embeddable":true,"href":"https:\/\/infomueble.es\/ca\/wp-json\/wp\/v2\/product_tag?post=4639"}],"curies":[{"name":"wp","href":"https:\/\/api.w.org\/{rel}","templated":true}]}}

<p><span style="font-size: 8pt;">IVA no inclòs </span></p>
<hr>
<h4><span style="font-family: helvetica, arial, sans-serif;">CARACTERÍSTIQUES</span></h4>
<hr>
<p>&nbsp;</p>
<ul>
<li><span style="font-family: helvetica, arial, sans-serif; color: #808080;">Seient de poliuretà injectat d&#8217;alta densitat. Color negre.</span></li>
<li><span style="font-family: helvetica, arial, sans-serif; color: #808080;">Regulació mitjançant pneumàtic telescòpic de gas d&#8217;alta pressió.</span></li>
<li><span style="font-family: helvetica, arial, sans-serif; color: #808080;">Base fabricada en niló amb fibra de vidre de 600mm de diàmetre.</span></li>
<li><span style="font-family: helvetica, arial, sans-serif; color: #808080;">Cèrcol reposapeus amb quatre radis fabricat en nilons de color negre. Regulable en altura.</span></li>
<li><span style="font-family: helvetica, arial, sans-serif; color: #808080;">Rodes de perfil baix de rodadura silenciosa i suau.</span></li>
<li><span style="font-family: helvetica, arial, sans-serif; color: #808080;">Braços fixos de polipropilè negre.</span></li>
</ul>
<p>&nbsp;</p>
<h6><span style="font-family: helvetica, arial, sans-serif; color: #520606;">TRANSPORT I MUNTATGE INCLÒS A MALLORCA</span></h6>
<h6><span style="font-family: helvetica, arial, sans-serif; color: #520606;">3 ANYS DE GARANTIA</span></h6>
