{"id":4799,"date":"2022-09-07T10:54:21","date_gmt":"2022-09-07T08:54:21","guid":{"rendered":"https:\/\/infomueble.es\/producto\/fast-ergo-s-b\/"},"modified":"2022-09-07T10:54:21","modified_gmt":"2022-09-07T08:54:21","slug":"fast-ergo-s-b-2","status":"publish","type":"product","link":"https:\/\/infomueble.es\/ca\/producto\/fast-ergo-s-b-2\/","title":{"rendered":"Fast Ergo s\/b"},"content":{"rendered":"","protected":false},"excerpt":{"rendered":"<p><span style=\"font-size: 8pt;\">IVA no incl\u00f2s<\/span><\/p>\n<hr>\n<h4><span style=\"font-family: helvetica, arial, sans-serif;\">CARACTER\u00cdSTIQUES<\/span><\/h4>\n<hr>\n<p>&nbsp;<\/p>\n<ul>\n<li><span style=\"font-family: helvetica, arial, sans-serif; color: #808080;\">Respatller fabricat en polipropil\u00e8, omplert de goma flexible d&#8217;alta densitat amb forma ergon\u00f2mica. Amb regulaci\u00f3 d&#8217;altura. Entapissat en negre.<\/span><\/li>\n<li><span style=\"font-family: helvetica, arial, sans-serif; color: #808080;\">Seient amb interior de fusta contraxapada de faig, omplert de goma flexible d&#8217;alta densitat amb forma ergon\u00f2mica. Color negre.<\/span><\/li>\n<li><span style=\"font-family: helvetica, arial, sans-serif; color: #808080;\">Mecanisme de contacte permanent. Permet ajustar el grau d&#8217;inclinaci\u00f3 del respatller. <\/span><\/li>\n<li><span style=\"font-family: helvetica, arial, sans-serif; color: #808080;\">Regulaci\u00f3 de l&#8217;altura mitjan\u00e7ant pist\u00f3 de gas.<\/span><\/li>\n<li><span style=\"font-family: helvetica, arial, sans-serif; color: #808080;\">Base piramidal de nil\u00f3 negre amb 5 radis refor\u00e7ada amb un 30% de fibra de vidri. 60 cm de di\u00e0metre.<\/span><\/li>\n<li><span style=\"font-family: helvetica, arial, sans-serif; color: #808080;\">Rodes dobles engomades en Desmop\u00e1n de 50 mm de di\u00e0metre amb cobre rodes negre.<\/span><\/li>\n<\/ul>\n<p>&nbsp;<\/p>\n<h6><span style=\"font-family: helvetica, arial, sans-serif; color: #520606;\">TRANSPORT I MUNTATGE INCL\u00d2S A MALLORCA<\/span><\/h6>\n<h6><span style=\"font-family: helvetica, arial, sans-serif; color: #520606;\">3 ANYS DE GARANTIA<\/span><\/h6>\n","protected":false},"featured_media":4798,"template":"","meta":{"_et_pb_use_builder":"","_et_pb_old_content":"","_et_gb_content_width":"","_joinchat":[]},"product_brand":[],"product_cat":[94,178,97],"product_tag":[],"class_list":{"0":"post-4799","1":"product","2":"type-product","3":"status-publish","4":"has-post-thumbnail","6":"product_cat-cadires","7":"product_cat-entapissades","8":"product_cat-operatives","10":"first","11":"instock","12":"taxable","13":"shipping-taxable","14":"purchasable","15":"product-type-simple"},"_links":{"self":[{"href":"https:\/\/infomueble.es\/ca\/wp-json\/wp\/v2\/product\/4799","targetHints":{"allow":["GET"]}}],"collection":[{"href":"https:\/\/infomueble.es\/ca\/wp-json\/wp\/v2\/product"}],"about":[{"href":"https:\/\/infomueble.es\/ca\/wp-json\/wp\/v2\/types\/product"}],"wp:featuredmedia":[{"embeddable":true,"href":"https:\/\/infomueble.es\/ca\/wp-json\/wp\/v2\/media\/4798"}],"wp:attachment":[{"href":"https:\/\/infomueble.es\/ca\/wp-json\/wp\/v2\/media?parent=4799"}],"wp:term":[{"taxonomy":"product_brand","embeddable":true,"href":"https:\/\/infomueble.es\/ca\/wp-json\/wp\/v2\/product_brand?post=4799"},{"taxonomy":"product_cat","embeddable":true,"href":"https:\/\/infomueble.es\/ca\/wp-json\/wp\/v2\/product_cat?post=4799"},{"taxonomy":"product_tag","embeddable":true,"href":"https:\/\/infomueble.es\/ca\/wp-json\/wp\/v2\/product_tag?post=4799"}],"curies":[{"name":"wp","href":"https:\/\/api.w.org\/{rel}","templated":true}]}}

<p><span style="font-size: 8pt;">IVA no inclòs</span></p>
<hr>
<h4><span style="font-family: helvetica, arial, sans-serif;">CARACTERÍSTIQUES</span></h4>
<hr>
<p>&nbsp;</p>
<ul>
<li><span style="font-family: helvetica, arial, sans-serif; color: #808080;">Respatller fabricat en polipropilè, omplert de goma flexible d&#8217;alta densitat amb forma ergonòmica. Amb regulació d&#8217;altura. Entapissat en negre.</span></li>
<li><span style="font-family: helvetica, arial, sans-serif; color: #808080;">Seient amb interior de fusta contraxapada de faig, omplert de goma flexible d&#8217;alta densitat amb forma ergonòmica. Color negre.</span></li>
<li><span style="font-family: helvetica, arial, sans-serif; color: #808080;">Mecanisme de contacte permanent. Permet ajustar el grau d&#8217;inclinació del respatller. </span></li>
<li><span style="font-family: helvetica, arial, sans-serif; color: #808080;">Regulació de l&#8217;altura mitjançant pistó de gas.</span></li>
<li><span style="font-family: helvetica, arial, sans-serif; color: #808080;">Base piramidal de niló negre amb 5 radis reforçada amb un 30% de fibra de vidri. 60 cm de diàmetre.</span></li>
<li><span style="font-family: helvetica, arial, sans-serif; color: #808080;">Rodes dobles engomades en Desmopán de 50 mm de diàmetre amb cobre rodes negre.</span></li>
</ul>
<p>&nbsp;</p>
<h6><span style="font-family: helvetica, arial, sans-serif; color: #520606;">TRANSPORT I MUNTATGE INCLÒS A MALLORCA</span></h6>
<h6><span style="font-family: helvetica, arial, sans-serif; color: #520606;">3 ANYS DE GARANTIA</span></h6>
