{"id":4990,"date":"2023-07-06T10:50:52","date_gmt":"2023-07-06T08:50:52","guid":{"rendered":"https:\/\/infomueble.es\/producto\/dots-giratori\/"},"modified":"2023-07-17T11:54:32","modified_gmt":"2023-07-17T09:54:32","slug":"dots-giratori","status":"publish","type":"product","link":"https:\/\/infomueble.es\/ca\/producto\/dots-giratori\/","title":{"rendered":"Taburet Dots giratori"},"content":{"rendered":"","protected":false},"excerpt":{"rendered":"<p><span style=\"font-size: 8pt;\">IVA no incl\u00f2s <\/span><\/p>\n<hr>\n<h4><span style=\"font-family: helvetica, arial, sans-serif;\">CARACTER\u00cdSTIQUES<\/span><\/h4>\n<hr>\n<p>&nbsp;<\/p>\n<ul>\n<li><span style=\"color: #808080; font-family: helvetica, arial, sans-serif;\">Seient fabricat en xapa d&#8217;acer amb tall l\u00e0ser amb forats aleatoris de diferents di\u00e0metres i curvatures ergon\u00f2miques. Exenta de zones tallants, pintada en resina epoxi en \u00e0mplia gama de colors.<\/span><\/li>\n<li><span style=\"font-family: helvetica, arial, sans-serif; color: #808080;\">Altura del seient: de <strong>430<\/strong> a<strong> 730 mm<\/strong>.<\/span><\/li>\n<li><span style=\"font-family: helvetica, arial, sans-serif; color: #808080;\">Estructura girat\u00f2ria cromada fabricada amb disc circular de recol\u00e7ament al s\u00f2l i columna alta de gas cromat, regulable en altura mitjan\u00e7ant palanca lateral.<\/span><\/li>\n<\/ul>\n<p>&nbsp;<\/p>\n<p>&nbsp;<\/p>\n<h6><span style=\"font-family: helvetica, arial, sans-serif; color: #520606;\">TRANSPORT I MUNTATGE INCL\u00d2S A MALLORCA<\/span><\/h6>\n<h6><span style=\"font-family: helvetica, arial, sans-serif; color: #520606;\">3 ANYS DE GARANTIA<\/span><\/h6>\n","protected":false},"featured_media":4987,"template":"","meta":{"_et_pb_use_builder":"","_et_pb_old_content":"","_et_gb_content_width":"","_joinchat":[]},"product_brand":[],"product_cat":[94,168,117],"product_tag":[],"class_list":{"0":"post-4990","1":"product","2":"type-product","3":"status-publish","4":"has-post-thumbnail","6":"product_cat-cadires","7":"product_cat-contract-ca","8":"product_cat-tamborets","10":"first","11":"outofstock","12":"taxable","13":"shipping-taxable","14":"purchasable","15":"product-type-simple"},"_links":{"self":[{"href":"https:\/\/infomueble.es\/ca\/wp-json\/wp\/v2\/product\/4990","targetHints":{"allow":["GET"]}}],"collection":[{"href":"https:\/\/infomueble.es\/ca\/wp-json\/wp\/v2\/product"}],"about":[{"href":"https:\/\/infomueble.es\/ca\/wp-json\/wp\/v2\/types\/product"}],"wp:featuredmedia":[{"embeddable":true,"href":"https:\/\/infomueble.es\/ca\/wp-json\/wp\/v2\/media\/4987"}],"wp:attachment":[{"href":"https:\/\/infomueble.es\/ca\/wp-json\/wp\/v2\/media?parent=4990"}],"wp:term":[{"taxonomy":"product_brand","embeddable":true,"href":"https:\/\/infomueble.es\/ca\/wp-json\/wp\/v2\/product_brand?post=4990"},{"taxonomy":"product_cat","embeddable":true,"href":"https:\/\/infomueble.es\/ca\/wp-json\/wp\/v2\/product_cat?post=4990"},{"taxonomy":"product_tag","embeddable":true,"href":"https:\/\/infomueble.es\/ca\/wp-json\/wp\/v2\/product_tag?post=4990"}],"curies":[{"name":"wp","href":"https:\/\/api.w.org\/{rel}","templated":true}]}}

<p><span style="font-size: 8pt;">IVA no inclòs </span></p>
<hr>
<h4><span style="font-family: helvetica, arial, sans-serif;">CARACTERÍSTIQUES</span></h4>
<hr>
<p>&nbsp;</p>
<ul>
<li><span style="color: #808080; font-family: helvetica, arial, sans-serif;">Seient fabricat en xapa d&#8217;acer amb tall làser amb forats aleatoris de diferents diàmetres i curvatures ergonòmiques. Exenta de zones tallants, pintada en resina epoxi en àmplia gama de colors.</span></li>
<li><span style="font-family: helvetica, arial, sans-serif; color: #808080;">Altura del seient: de <strong>430</strong> a<strong> 730 mm</strong>.</span></li>
<li><span style="font-family: helvetica, arial, sans-serif; color: #808080;">Estructura giratòria cromada fabricada amb disc circular de recolçament al sòl i columna alta de gas cromat, regulable en altura mitjançant palanca lateral.</span></li>
</ul>
<p>&nbsp;</p>
<p>&nbsp;</p>
<h6><span style="font-family: helvetica, arial, sans-serif; color: #520606;">TRANSPORT I MUNTATGE INCLÒS A MALLORCA</span></h6>
<h6><span style="font-family: helvetica, arial, sans-serif; color: #520606;">3 ANYS DE GARANTIA</span></h6>
