{"id":5112,"date":"2023-07-26T10:05:27","date_gmt":"2023-07-26T08:05:27","guid":{"rendered":"https:\/\/infomueble.es\/producto\/ploma-90\/"},"modified":"2023-07-26T10:05:27","modified_gmt":"2023-07-26T08:05:27","slug":"ploma-90","status":"publish","type":"product","link":"https:\/\/infomueble.es\/ca\/producto\/ploma-90\/","title":{"rendered":"Ploma 90"},"content":{"rendered":"","protected":false},"excerpt":{"rendered":"<p><span style=\"font-size: 8pt;\">IVA no incl\u00f2s <\/span><\/p>\n<hr>\n<h4><span style=\"font-family: helvetica, arial, sans-serif;\">CARACTER\u00cdSTIQUES<\/span><\/h4>\n<hr>\n<p>&nbsp;<\/p>\n<ul>\n<li><span style=\"color: #808080; font-family: helvetica, arial, sans-serif;\">Estructura met\u00e0l\u00b7lica corbada fabricada en tub d&#8217;acer rod\u00f3 pintat en epoxi en \u00e0mplia gamma crom\u00e0tica.<\/span><\/li>\n<li><span style=\"font-family: helvetica, arial, sans-serif; color: #808080;\">Tapa fabricada en MDF de 13 mm lacat en acr\u00edlic, incl\u00f2s els cantells, en diferents colors de l&#8217;ampli mostrari, a conjunt de l&#8217;estructura met\u00e0l\u00b7lica o amb combinaci\u00f3.<\/span><\/li>\n<li><span style=\"font-family: helvetica, arial, sans-serif; color: #808080;\">Mesures: 900 x 900 x 350 mm.<\/span><\/li>\n<\/ul>\n<p>&nbsp;<\/p>\n<p>&nbsp;<\/p>\n<h6><span style=\"font-family: helvetica, arial, sans-serif; color: #520606;\">TRANSPORT I MUNTATGE INCL\u00d2S A MALLORCA<\/span><\/h6>\n<h6><span style=\"font-family: helvetica, arial, sans-serif; color: #520606;\">3 ANYS DE GARANTIA<\/span><\/h6>\n","protected":false},"featured_media":5110,"template":"","meta":{"_et_pb_use_builder":"","_et_pb_old_content":"","_et_gb_content_width":"","_joinchat":[]},"product_brand":[],"product_cat":[101,163],"product_tag":[],"class_list":{"0":"post-5112","1":"product","2":"type-product","3":"status-publish","4":"has-post-thumbnail","6":"product_cat-mobiliari","7":"product_cat-taules-auxiliars","9":"first","10":"outofstock","11":"taxable","12":"shipping-taxable","13":"purchasable","14":"product-type-simple"},"_links":{"self":[{"href":"https:\/\/infomueble.es\/ca\/wp-json\/wp\/v2\/product\/5112","targetHints":{"allow":["GET"]}}],"collection":[{"href":"https:\/\/infomueble.es\/ca\/wp-json\/wp\/v2\/product"}],"about":[{"href":"https:\/\/infomueble.es\/ca\/wp-json\/wp\/v2\/types\/product"}],"wp:featuredmedia":[{"embeddable":true,"href":"https:\/\/infomueble.es\/ca\/wp-json\/wp\/v2\/media\/5110"}],"wp:attachment":[{"href":"https:\/\/infomueble.es\/ca\/wp-json\/wp\/v2\/media?parent=5112"}],"wp:term":[{"taxonomy":"product_brand","embeddable":true,"href":"https:\/\/infomueble.es\/ca\/wp-json\/wp\/v2\/product_brand?post=5112"},{"taxonomy":"product_cat","embeddable":true,"href":"https:\/\/infomueble.es\/ca\/wp-json\/wp\/v2\/product_cat?post=5112"},{"taxonomy":"product_tag","embeddable":true,"href":"https:\/\/infomueble.es\/ca\/wp-json\/wp\/v2\/product_tag?post=5112"}],"curies":[{"name":"wp","href":"https:\/\/api.w.org\/{rel}","templated":true}]}}

<p><span style="font-size: 8pt;">IVA no inclòs </span></p>
<hr>
<h4><span style="font-family: helvetica, arial, sans-serif;">CARACTERÍSTIQUES</span></h4>
<hr>
<p>&nbsp;</p>
<ul>
<li><span style="color: #808080; font-family: helvetica, arial, sans-serif;">Estructura metàl·lica corbada fabricada en tub d&#8217;acer rodó pintat en epoxi en àmplia gamma cromàtica.</span></li>
<li><span style="font-family: helvetica, arial, sans-serif; color: #808080;">Tapa fabricada en MDF de 13 mm lacat en acrílic, inclòs els cantells, en diferents colors de l&#8217;ampli mostrari, a conjunt de l&#8217;estructura metàl·lica o amb combinació.</span></li>
<li><span style="font-family: helvetica, arial, sans-serif; color: #808080;">Mesures: 900 x 900 x 350 mm.</span></li>
</ul>
<p>&nbsp;</p>
<p>&nbsp;</p>
<h6><span style="font-family: helvetica, arial, sans-serif; color: #520606;">TRANSPORT I MUNTATGE INCLÒS A MALLORCA</span></h6>
<h6><span style="font-family: helvetica, arial, sans-serif; color: #520606;">3 ANYS DE GARANTIA</span></h6>
