{"id":5477,"date":"2024-04-10T15:56:33","date_gmt":"2024-04-10T13:56:33","guid":{"rendered":"https:\/\/infomueble.es\/producto\/sonia-sense-respatller\/"},"modified":"2024-04-24T11:40:11","modified_gmt":"2024-04-24T09:40:11","slug":"sonia-sense-respatller","status":"publish","type":"product","link":"https:\/\/infomueble.es\/ca\/producto\/sonia-sense-respatller\/","title":{"rendered":"Sonia sense respatller"},"content":{"rendered":"","protected":false},"excerpt":{"rendered":"<p><span style=\"font-size: 8pt;\">IVA no incl\u00f2s <\/span><\/p>\n<hr>\n<h4><span style=\"font-family: helvetica, arial, sans-serif;\">CARACTER\u00cdSTIQUES<\/span><\/h4>\n<hr>\n<p>&nbsp;<\/p>\n<ul>\n<li><span style=\"font-family: helvetica, arial, sans-serif; color: #808080;\">Tamboret giratori anat\u00f2mic.<\/span><\/li>\n<li><span style=\"font-family: helvetica, arial, sans-serif; color: #808080;\">Seient en poliuret\u00e0 expandit negre.<\/span><\/li>\n<li><span style=\"font-family: helvetica, arial, sans-serif; color: #808080;\">C\u00e8rcol reposapeus de nil\u00f3 negre amb ajust d&#8217;altura.<\/span><\/li>\n<li><span style=\"font-family: helvetica, arial, sans-serif; color: #808080;\">Regulaci\u00f3 d&#8217;altura mitjan\u00e7ant columna neum\u00e0tica negra.<\/span><\/li>\n<li><span style=\"font-family: helvetica, arial, sans-serif; color: #808080;\">Base girat\u00f2ria piramidal en poliamida negra de cinc radis refor\u00e7ats amb fibra de vidre.<\/span><\/li>\n<li><span style=\"font-family: helvetica, arial, sans-serif; color: #808080;\">Rodes de rodadura tova de 50 mm de di\u00e0metre o joc de topalls antilliscants de nil\u00f3 negre.<\/span><\/li>\n<\/ul>\n<p>&nbsp;<\/p>\n<h6><span style=\"font-family: helvetica, arial, sans-serif; color: #520606;\">TRANSPORT I MUNTATGE INCL\u00d2S A MALLORCA<\/span><\/h6>\n<h6><span style=\"font-family: helvetica, arial, sans-serif; color: #520606;\">3 ANYS DE GARANTIA<\/span><\/h6>\n","protected":false},"featured_media":5386,"template":"","meta":{"_et_pb_use_builder":"","_et_pb_old_content":"","_et_gb_content_width":"","_joinchat":[]},"product_brand":[],"product_cat":[94,167,117],"product_tag":[],"class_list":{"0":"post-5477","1":"product","2":"type-product","3":"status-publish","4":"has-post-thumbnail","6":"product_cat-cadires","7":"product_cat-de-treball","8":"product_cat-tamborets","10":"first","11":"instock","12":"taxable","13":"shipping-taxable","14":"purchasable","15":"product-type-simple"},"_links":{"self":[{"href":"https:\/\/infomueble.es\/ca\/wp-json\/wp\/v2\/product\/5477","targetHints":{"allow":["GET"]}}],"collection":[{"href":"https:\/\/infomueble.es\/ca\/wp-json\/wp\/v2\/product"}],"about":[{"href":"https:\/\/infomueble.es\/ca\/wp-json\/wp\/v2\/types\/product"}],"wp:featuredmedia":[{"embeddable":true,"href":"https:\/\/infomueble.es\/ca\/wp-json\/wp\/v2\/media\/5386"}],"wp:attachment":[{"href":"https:\/\/infomueble.es\/ca\/wp-json\/wp\/v2\/media?parent=5477"}],"wp:term":[{"taxonomy":"product_brand","embeddable":true,"href":"https:\/\/infomueble.es\/ca\/wp-json\/wp\/v2\/product_brand?post=5477"},{"taxonomy":"product_cat","embeddable":true,"href":"https:\/\/infomueble.es\/ca\/wp-json\/wp\/v2\/product_cat?post=5477"},{"taxonomy":"product_tag","embeddable":true,"href":"https:\/\/infomueble.es\/ca\/wp-json\/wp\/v2\/product_tag?post=5477"}],"curies":[{"name":"wp","href":"https:\/\/api.w.org\/{rel}","templated":true}]}}

<p><span style="font-size: 8pt;">IVA no inclòs </span></p>
<hr>
<h4><span style="font-family: helvetica, arial, sans-serif;">CARACTERÍSTIQUES</span></h4>
<hr>
<p>&nbsp;</p>
<ul>
<li><span style="font-family: helvetica, arial, sans-serif; color: #808080;">Tamboret giratori anatòmic.</span></li>
<li><span style="font-family: helvetica, arial, sans-serif; color: #808080;">Seient en poliuretà expandit negre.</span></li>
<li><span style="font-family: helvetica, arial, sans-serif; color: #808080;">Cèrcol reposapeus de niló negre amb ajust d&#8217;altura.</span></li>
<li><span style="font-family: helvetica, arial, sans-serif; color: #808080;">Regulació d&#8217;altura mitjançant columna neumàtica negra.</span></li>
<li><span style="font-family: helvetica, arial, sans-serif; color: #808080;">Base giratòria piramidal en poliamida negra de cinc radis reforçats amb fibra de vidre.</span></li>
<li><span style="font-family: helvetica, arial, sans-serif; color: #808080;">Rodes de rodadura tova de 50 mm de diàmetre o joc de topalls antilliscants de niló negre.</span></li>
</ul>
<p>&nbsp;</p>
<h6><span style="font-family: helvetica, arial, sans-serif; color: #520606;">TRANSPORT I MUNTATGE INCLÒS A MALLORCA</span></h6>
<h6><span style="font-family: helvetica, arial, sans-serif; color: #520606;">3 ANYS DE GARANTIA</span></h6>
