{"id":5508,"date":"2024-04-25T15:29:33","date_gmt":"2024-04-25T13:29:33","guid":{"rendered":"https:\/\/infomueble.es\/producto\/tamboret-aitana\/"},"modified":"2024-04-25T15:29:33","modified_gmt":"2024-04-25T13:29:33","slug":"tamboret-aitana","status":"publish","type":"product","link":"https:\/\/infomueble.es\/ca\/producto\/tamboret-aitana\/","title":{"rendered":"Tamboret Aitana"},"content":{"rendered":"","protected":false},"excerpt":{"rendered":"<p><span style=\"font-size: 8pt;\">IVA no incl\u00f2s <\/span><\/p>\n<hr>\n<h4><span style=\"font-family: helvetica, arial, sans-serif;\">CARACTER\u00cdSTIQUES<\/span><\/h4>\n<hr>\n<p>&nbsp;<\/p>\n<ul>\n<li><span style=\"color: #808080; font-family: helvetica, arial, sans-serif;\">Seient monocarcassa en injecci\u00f3 pl\u00e0stica de polipropil\u00e8 de 7 mm de gruixa, 100% reciclable, amb tractament anti-UV per exteriors, refor\u00e7at amb fibra de vidre. A triar entre varis colors: blanc, negre, grafit, arena o blau.<\/span><\/li>\n<li><span style=\"font-family: helvetica, arial, sans-serif; color: #808080;\">Estructura met\u00e0l\u00b7lica de tun d&#8217;acer corbat de 18 mm de di\u00e0metre i 1,5 mm dde gruixa, amb pintura epoxi en: blanc, negre, grafit, arena, blau o gris.<\/span><\/li>\n<\/ul>\n<p>&nbsp;<\/p>\n<p>&nbsp;<\/p>\n<h6><span style=\"font-family: helvetica, arial, sans-serif; color: #520606;\">TRANSPORT I MUNTATGE INCL\u00d2S A MALLORCA<\/span><\/h6>\n<h6><span style=\"font-family: helvetica, arial, sans-serif; color: #520606;\">3 ANYS DE GARANTIA<\/span><\/h6>\n","protected":false},"featured_media":5497,"template":"","meta":{"_et_pb_use_builder":"","_et_pb_old_content":"","_et_gb_content_width":"","_joinchat":[]},"product_brand":[],"product_cat":[168,95,117],"product_tag":[],"class_list":{"0":"post-5508","1":"product","2":"type-product","3":"status-publish","4":"has-post-thumbnail","6":"product_cat-contract-ca","7":"product_cat-de-reunio-i-polivalent","8":"product_cat-tamborets","10":"first","11":"outofstock","12":"taxable","13":"shipping-taxable","14":"purchasable","15":"product-type-simple"},"_links":{"self":[{"href":"https:\/\/infomueble.es\/ca\/wp-json\/wp\/v2\/product\/5508","targetHints":{"allow":["GET"]}}],"collection":[{"href":"https:\/\/infomueble.es\/ca\/wp-json\/wp\/v2\/product"}],"about":[{"href":"https:\/\/infomueble.es\/ca\/wp-json\/wp\/v2\/types\/product"}],"wp:featuredmedia":[{"embeddable":true,"href":"https:\/\/infomueble.es\/ca\/wp-json\/wp\/v2\/media\/5497"}],"wp:attachment":[{"href":"https:\/\/infomueble.es\/ca\/wp-json\/wp\/v2\/media?parent=5508"}],"wp:term":[{"taxonomy":"product_brand","embeddable":true,"href":"https:\/\/infomueble.es\/ca\/wp-json\/wp\/v2\/product_brand?post=5508"},{"taxonomy":"product_cat","embeddable":true,"href":"https:\/\/infomueble.es\/ca\/wp-json\/wp\/v2\/product_cat?post=5508"},{"taxonomy":"product_tag","embeddable":true,"href":"https:\/\/infomueble.es\/ca\/wp-json\/wp\/v2\/product_tag?post=5508"}],"curies":[{"name":"wp","href":"https:\/\/api.w.org\/{rel}","templated":true}]}}

<p><span style="font-size: 8pt;">IVA no inclòs </span></p>
<hr>
<h4><span style="font-family: helvetica, arial, sans-serif;">CARACTERÍSTIQUES</span></h4>
<hr>
<p>&nbsp;</p>
<ul>
<li><span style="color: #808080; font-family: helvetica, arial, sans-serif;">Seient monocarcassa en injecció plàstica de polipropilè de 7 mm de gruixa, 100% reciclable, amb tractament anti-UV per exteriors, reforçat amb fibra de vidre. A triar entre varis colors: blanc, negre, grafit, arena o blau.</span></li>
<li><span style="font-family: helvetica, arial, sans-serif; color: #808080;">Estructura metàl·lica de tun d&#8217;acer corbat de 18 mm de diàmetre i 1,5 mm dde gruixa, amb pintura epoxi en: blanc, negre, grafit, arena, blau o gris.</span></li>
</ul>
<p>&nbsp;</p>
<p>&nbsp;</p>
<h6><span style="font-family: helvetica, arial, sans-serif; color: #520606;">TRANSPORT I MUNTATGE INCLÒS A MALLORCA</span></h6>
<h6><span style="font-family: helvetica, arial, sans-serif; color: #520606;">3 ANYS DE GARANTIA</span></h6>
